base 12, what is 101b + 5?
1024
In base 16, what is 5 - 85?
-80
In base 16, what is 1a + -11?
9
In base 12, what is 5 - 272?
-269
In base 14, what is 52 - 38?
18
In base 4, what is 2 - -2?
10
In base 6, what is -10 + -4302?
-4312
In base 6, what is -4 - -1540?
1532
In base 13, what is -1 - -ba?
b9
In base 2, what is -1 + -10001011100?
-10001011101
In base 8, what is -2422 + 1?
-2421
In base 9, what is -10481 + 0?
-10481
In base 10, what is -194 - 21?
-215
In base 4, what is -13 + -11201?
-11220
In base 16, what is -3 - -3e?
3b
In base 7, what is 4245 + 14?
4262
In base 8, what is 1 - 45?
-44
In base 3, what is -1102 + -100?
-1202
In base 3, what is -221002 + 12?
-220220
In base 7, what is -2136 + -5?
-2144
In base 4, what is 10 - 11213?
-11203
In base 9, what is 22073 - 3?
22070
In base 12, what is 565 - a?
557
In base 2, what is -11111010011 - 10?
-11111010101
In base 8, what is -1 - 4771?
-4772
In base 7, what is 1 - 16510?
-16506
In base 11, what is -9 - -33?
25
In base 15, what is 3 + -38a?
-387
In base 6, what is 23 + -32?
-5
In base 4, what is 2 + -1001?
-333
In base 5, what is -4340 - 10?
-4400
In base 3, what is 0 - -210021?
210021
In base 13, what is 3 - -142?
145
In base 8, what is -2752 - -3?
-2747
In base 11, what is 0 - -1a8a?
1a8a
In base 12, what is 62 - 9?
55
In base 7, what is 1101 + -1?
1100
In base 12, what is 1 - 73?
-72
In base 9, what is -12568 - -2?
-12566
In base 14, what is 19 + 8?
23
In base 3, what is 10 - -221000?
221010
In base 2, what is 111110100100 - -101?
111110101001
In base 2, what is -100 + 11101000101?
11101000001
In base 8, what is 2 + 142?
144
In base 12, what is 0 - -167?
167
In base 3, what is 12 - 1210?
-1121
In base 5, what is -12404 + -4?
-12413
In base 4, what is 3 - 1110?
-1101
In base 8, what is 0 + -5540?
-5540
In base 9, what is -344 + 3?
-341
In base 5, what is 0 + -1?
-1
In base 10, what is -2259 + -2?
-2261
In base 15, what is -2 - -16a?
168
In base 11, what is -4 + -101?
-105
In base 10, what is 4 - -75?
79
In base 15, what is -14 - -1?
-13
In base 9, what is 310 - 5?
304
In base 13, what is -148 + 2?
-146
In base 12, what is -123 + -4?
-127
In base 6, what is 4224 - -2?
4230
In base 10, what is 26 + 3?
29
In base 11, what is 1 + -8a6?
-8a5
In base 9, what is 446 - -2?
448
In base 5, what is 334 + -12?
322
In base 3, what is 12 - -1020122?
1020211
In base 11, what is 6 - 1?
5
In base 4, what is -1 - -203?
202
In base 4, what is -123112 - 2?
-123120
In base 14, what is -6c + 4?
-68
In base 4, what is -22312 + -1?
-22313
In base 7, what is -4 + -140?
-144
In base 2, what is 10 + -110?
-100
In base 3, what is 1 - 1210?
-1202
In base 4, what is 2001 - 1002?
333
In base 9, what is 1141 + 4?
1145
In base 8, what is 4 - 277?
-273
In base 3, what is -10010200 + 2?
-10010121
In base 7, what is -10450 + -3?
-10453
In base 15, what is d + -1ec?
-1de
In base 12, what is -2 + -372?
-374
In base 10, what is 62 - -3?
65
In base 12, what is -3 + 1059?
1056
In base 7, what is 342 - -5?
350
In base 15, what is -42e + -1?
-430
In base 12, what is 9 - -639?
646
In base 9, what is -2 + -1627?
-1630
In base 2, what is -100000001101 + -101?
-100000010010
In base 5, what is 4 - 402?
-343
In base 13, what is 260 - -4?
264
In base 5, what is 1022 - -3?
1030
In base 4, what is 1131 + -11?
1120
In base 13, what is 1581 - -2?
1583
In base 8, what is -134 - 12?
-146
In base 9, what is -73 + -2?
-75
In base 2, what is 100100110101101 - -11?
100100110110000
In base 4, what is -1012 + 11?
-1001
In base 2, what is 1000000 - -11?
1000011
In base 10, what is -1 + -39?
-40
In base 14, what is -1c + 9?
-13
In base 8, what is 3 + -527?
-524
In base 13, what is 2 + -5?
-3
In base 7, what is -3626 - -5?
-3621
In base 6, what is -50021 + 2?
-50015
In base 14, what is 74 - 27?
4b
In base 14, what is -3 - 7?
-a
In base 4, what is 3 + 113?
122
In base 5, what is 1231 - -40?
1321
In base 5, what is 21144 + 3?
21202
In base 9, what is 172 + -42?
130
In base 8, what is 3001 + -2?
2777
In base 15, what is -2 - -12b?
129
In base 10, what is -1924 + -2?
-1926
In base 3, what is -1001 - 212122?
-220200
In base 16, what is 188 - 39?
14f
In base 7, what is 3 + -1140?
-1134
In base 13, what is 0 - 63?
-63
In base 16, what is 235 + -1?
234
In base 2, what is 10111110000 - 0?
10111110000
In base 8, what is 36 + 26?
64
In base 10, what is -21262 - -2?
-21260
In base 15, what is 10 - a?
5
In base 16, what is -6 - -1a?
14
In base 7, what is -303 - 3?
-306
In base 14, what is -611 + -2?
-613
In base 7, what is -614 + -15?
-632
In base 10, what is -2 + 3260?
3258
In base 12, what is 10 + -21?
-11
In base 14, what is -5 - -9?
4
In base 16, what is -2 - 7d?
-7f
In base 2, what is -10100 + -1111101?
-10010001
In base 3, what is 1100 + 220222?
222022
In base 16, what is -cd1 - 3?
-cd4
In base 4, what is -1 + -1101?
-1102
In base 11, what is -5 - -15?
10
In base 11, what is -5 + -948?
-952
In base 9, what is -3 - -175?
172
In base 6, what is -11224 - -5?
-11215
In base 15, what is -8 - 15?
-1d
In base 6, what is 0 + -234?
-234
In base 2, what is -1000000 + -11?
-1000011
In base 2, what is 111011 - 10?
111001
In base 5, what is -1123 - 32?
-1210
In base 7, what is -254 - 5?
-262
In base 16, what is 8 - -c6?
ce
In base 7, what is 0 + -55?
-55
In base 4, what is -13 + -12021?
-12100
In base 12, what is 168 - -4?
170
In base 11, what is 1 + -138?
-137
In base 3, what is 202 + -122?
10
In base 6, what is -35 + -1?
-40
In base 5, what is -101 + 0?
-101
In base 11, what is -10 + -129?
-139
In base 2, what is -10 - -11011010?
11011000
In base 3, what is 1 + -11012?
-11011
In base 7, what is -4 + -152?
-156
In base 9, what is 3 - 122?
-118
In base 13, what is -1 + -2495?
-2496
In base 14, what is 4109 + 4?
410d
In base 3, what is 1 - -12122120?
12122121
In base 3, what is -2111010 + 0?
-2111010
In base 15, what is -9d9 - 1?
-9da
In base 13, what is -49 + -3?
-4c
In base 6, what is 2 + -2124?
-2122
In base 6, what is -10 + 34?
24
In base 6, what is 335 + -12?
323
In base 14, what is d - -d1?
100
In base 13, what is -11 + -26?
-37
In base 15, what is -1 - -22?
21
In base 11, what is 39 + 17?
55
In base 7, what is 235 + 642?
1210
In base 4, what is -11 - -1203?
1132
In base 10, what is -78 + 5?
-73
In base 10, what is 116 + -2?
114
In base 7, what is -12650 - -4?
-12643
In base 5, what is 13 + 12?
30
In base 15, what is 340 - 1?
33e
In base 7, what is -5 + -3412?
-3420
In base 14, what is -a1 + 3?
-9c
In base 10, what is 405 - 6?
399
In base 6, what is -3 + -35?
-42
In base 5, what is 4232 - -40?
4322
In base 13, what is -4 - 21a4?
-21a8
In base 3, what is -11 - -1120000?
1112212
In base 10, what is -5 + -2537?
-2542
In base 3, what is -1020221 + 1?
-1020220
In base 2, what is 11 + 11100010?
11100101
In base 3, what is -122 + 201?
2
In base 6, what is -544 + -2?
-550
In base 12, what is -8 + 15b?
153
In base 8, what is 4 + -74?
-70
In base 9, what is 4 + 20?
24
In base 16, what is -71 - 1?
-72
In base 16, what is -f2 - 24?
-116
In base 11, what is 81 + 4?
85
In base 7, what is -16 - -15?
-1
In base 9, what is -1671 + -1?
-1672
In base 9, what is 6 + -167?
-161
In base 8, what is -40 + 1347?
1307
In base 3, what is 22122 + 11?
22210
In base 3, what is -1111 + 122?
-212
In base 16, what is 4 + 23?
27
In base 11, what is -897 - 3?
-89a
In base 3, what is -2201221 - -11?
-2201210
In base 11, what is 27383 - 5?
27379
In base 4, what is -11113 - -11?
-11102
In base 13, what is 4 + -56?
-52
In base 6, what is 211 - 125?
42
In base 6, what is -3 + 0?
-3
In base 10, what is 0 - 53?
-53
In base 13, what is 1018 - -5?
1020
In base 2, what is 11 - 10111?
-10100
In base 7, what is -310 - 206?
-516
In base 4, what is -11 + -33002?
-33013
In base 4, what is -2121 + 10?
-2111
In base 6, what is 23414 + -3?
23411
In base 3, what is 12001002 - 10?
12000222
In base 13, what is 4 - 739?
-735
In base 4, what is 202 - 102?
100
In base 16, what is 244 - 1?
243
In base 11, what is -5 - -337?
332
In base 14, what is -1 + 393?
392
In base 16, what is 3e + 0?
3e
In base 7, what is -11 + -144?
-155
In base 10, what is -5 + -33?
-38
In base 12, what is -1652 - -2?
-1650
In base 5, what is -330 + 2?
-323
In base 7, what is -216 - 16?
-235
In base 15, what is -2 + b1b?
b19
In base 16, what is 1